4.
6
Calculate the highest common divisor of 88 and 63984.
8
What is the highest common divisor of 9112 and 408?
136
What is the highest common divisor of 52 and 3505463?
13
What is the greatest common divisor of 8 and 1336648?
8
Calculate the highest common factor of 25310 and 6890.
10
Calculate the greatest common divisor of 12 and 968.
4
Calculate the highest common divisor of 118512 and 144.
144
What is the greatest common factor of 51 and 12254943?
51
Calculate the highest common factor of 82 and 3048227.
41
Calculate the highest common factor of 75 and 32655.
15
What is the greatest common divisor of 236 and 39353?
59
Calculate the highest common factor of 4334 and 638.
22
Calculate the greatest common divisor of 37556 and 123.
41
What is the highest common divisor of 112016 and 48?
16
What is the greatest common divisor of 454 and 49940?
454
Calculate the highest common factor of 13838 and 1122.
374
Calculate the greatest common factor of 364 and 117416.
52
Calculate the highest common factor of 176292 and 1162.
166
What is the greatest common divisor of 390 and 3111186?
78
What is the greatest common factor of 820 and 30463?
41
Calculate the highest common divisor of 1855 and 33655.
265
Calculate the highest common factor of 154 and 110376.
14
Calculate the greatest common factor of 524 and 1445978.
262
What is the greatest common factor of 206 and 1428095?
103
Calculate the greatest common divisor of 63645 and 705.
15
Calculate the highest common factor of 804 and 15142.
134
Calculate the greatest common factor of 3344 and 15200.
304
What is the highest common divisor of 33 and 8259?
3
What is the highest common divisor of 29412 and 96?
12
What is the greatest common divisor of 23722 and 18560?
58
What is the greatest common factor of 2001 and 1669501?
667
Calculate the greatest common divisor of 156 and 515208.
12
Calculate the greatest common factor of 240 and 3817840.
80
What is the highest common factor of 72792 and 18?
18
What is the highest common divisor of 64292 and 36?
4
Calculate the highest common divisor of 18003 and 63893.
353
Calculate the highest common factor of 86817 and 129.
129
What is the highest common factor of 9 and 99792?
9
Calculate the greatest common factor of 90 and 8510.
10
Calculate the greatest common factor of 1569 and 1104053.
523
What is the greatest common divisor of 155484 and 1260?
252
Calculate the greatest common factor of 280 and 66280.
40
Calculate the greatest common factor of 2553 and 48063.
111
What is the greatest common factor of 31 and 23064?
31
Calculate the greatest common factor of 444 and 504.
12
Calculate the greatest common factor of 130 and 14760.
10
Calculate the greatest common divisor of 2630 and 2370.
10
Calculate the highest common divisor of 260096 and 26624.
2048
What is the highest common divisor of 3094 and 918?
34
Calculate the greatest common factor of 640 and 22880.
160
What is the greatest common factor of 4 and 1789?
1
What is the greatest common factor of 1037934 and 81?
81
Calculate the highest common divisor of 3526 and 3010.
86
What is the highest common divisor of 5090 and 70?
10
What is the greatest common factor of 428 and 687796?
428
Calculate the highest common factor of 99 and 162074.
11
Calculate the highest common factor of 81787 and 283.
283
What is the highest common factor of 870 and 94890?
30
Calculate the highest common factor of 38471 and 527.
527
What is the greatest common divisor of 20 and 4424670?
10
Calculate the greatest common divisor of 20449 and 2197.
169
What is the highest common factor of 399315 and 315?
105
Calculate the greatest common divisor of 2307996 and 488.
244
Calculate the highest common divisor of 58 and 34739912.
58
What is the greatest common factor of 79974 and 486?
54
What is the highest common factor of 4 and 2452?
4
Calculate the highest common factor of 183654 and 8208.
1026
Calculate the greatest common factor of 319 and 2929.
29
What is the highest common divisor of 209430 and 1287?
117
What is the highest common factor of 17178 and 1176?
42
What is the greatest common divisor of 69814 and 536?
134
Calculate the highest common factor of 1012 and 28796.
92
What is the greatest common divisor of 15326 and 50165?
79
What is the greatest common factor of 35402 and 96?
2
What is the highest common factor of 56 and 11116?
28
Calculate the highest common factor of 4986 and 332954.
554
Calculate the highest common factor of 166771 and 176.
11
What is the highest common divisor of 16537 and 2783?
23
Calculate the greatest common divisor of 4275 and 2475.
225
Calculate the greatest common factor of 7 and 1351.
7
What is the greatest common factor of 1867338 and 198?
198
Calculate the highest common divisor of 735918 and 6.
6
Calculate the highest common divisor of 749 and 3278373.
749
What is the highest common factor of 3154 and 152?
38
What is the highest common factor of 6 and 22894?
2
What is the highest common divisor of 8292592 and 176?
176
What is the highest common factor of 28 and 43162?
14
Calculate the highest common divisor of 11154 and 7403.
11
Calculate the greatest common divisor of 136 and 5593.
17
Calculate the highest common divisor of 9424 and 1824.
304
Calculate the highest common factor of 296 and 1328004.
148
Calculate the greatest common divisor of 2485 and 140.
35
Calculate the greatest common divisor of 79945 and 295.
295
What is the highest common factor of 5967513 and 81?
81
Calculate the greatest common factor of 95922 and 57816.
1314
What is the highest common factor of 20 and 63620?
20
Calculate the greatest common divisor of 2553 and 3774.
111
What is the greatest common divisor of 49000 and 320?
40
Calculate the highest common divisor of 1170 and 5954.
26
What is the highest common factor of 30162 and 2442?
66
What is the highest common factor of 60865 and 740?
185
What is the greatest common factor of 365 and 235?
5
Calculate the highest common divisor of 264224 and 552.
184
Calculate the highest common divisor of 14487 and 38193.
1317
What is the highest common factor of 654 and 26378?
218
What is the highest common factor of 68 and 360196?
68
Calculate the highest common factor of 14500 and 260.
20
Calculate the greatest common divisor of 2911 and 2009.
41
What is the greatest common divisor of 3572 and 1504?
188
What is the highest common factor of 1057 and 219403?
151
Calculate the highest common factor of 6889 and 5478.
83
What is the highest common factor of 193 and 15746870?
193
Calculate the greatest common divisor of 45775 and 175.
25
What is the greatest common divisor of 16256791 and 667?
667
What is the greatest common factor of 5174 and 1118?
26
Calculate the greatest common factor of 1218819 and 3048.
381
Calculate the highest common divisor of 6205 and 1521466.
1241
What is the greatest common divisor of 500 and 51125?
125
Calculate the highest common divisor of 130 and 8138.
26
What is the highest common divisor of 1129566 and 12?
6
Calculate the greatest common divisor of 65 and 35230.
65
Calculate the greatest common factor of 96 and 21108.
12
Calculate the highest common factor of 882 and 644994.
126
Calculate the greatest common divisor of 24 and 953364.
12
What is the highest common factor of 447 and 574842?
447
Calculate the highest common divisor of 15796 and 748.
44
What is the highest common divisor of 732 and 348188?
244
What is the highest common divisor of 492011 and 104?
13
Calculate the highest common factor of 75 and 704775.
75
What is the greatest common divisor of 6289 and 398524?
331
Calculate the greatest common factor of 4256 and 16226.
266
What is the highest common factor of 1659 and 1548953?
553
Calculate the greatest common factor of 63710 and 460.
230
Calculate the highest common factor of 6736 and 2472.
8
What is the highest common divisor of 266 and 5490373?
133
What is the highest common factor of 11303 and 2159?
127
Calculate the greatest common divisor of 1161018 and 54.
18
Calculate the highest common divisor of 1320 and 7755.
165
What is the highest common factor of 329 and 48979?
7
What is the greatest common divisor of 280 and 290920?
280
Calculate the highest common divisor of 593 and 236014.
593
Calculate the highest common factor of 78 and